 q(a) = -12*a - 27. Let w(z) = 9*z + 27. Let c(i) = -2*q(i) - 3*w(i). Give c(-7).
-6
Suppose 4*q + 22 = -3*j, 0 = -6*q + 4*q - 2*j - 10. Let a(f) = -f**2 - 8*f - 7. What is a(q)?
0
Let c(k) = -21*k**2 - 42*k + 57. Let l(h) = 4*h**2 + 8*h - 11. Let b(u) = 2*c(u) + 11*l(u). Calculate b(-5).
23
Let f(i) = -7 + 19 - 3*i**2 + 4*i + 2*i**2 - 8. Give f(3).
7
Suppose -2*c + 44 - 38 = 0. Let i(t) = 1 + 12*t**3 + 0*t**2 - 2*t**c - t**2 - 3*t**3. What is i(-1)?
-7
Let k(r) = r**3 + 10*r**2 - 11*r + 6. Let j be (-202)/18 - (-52)/234. Calculate k(j).
6
Let n(y) = -226*y**3 + 8 - 2*y - 7 + 7*y**2 - 3*y + 225*y**3. Let l(b) = -2*b - 8. Let c be l(-7). Determine n(c).
7
Let x(r) = -r**2 + 3*r + 2. Suppose 3*o - 35 = -2*o. Let w(s) = -s - 121*s**3 - o*s**2 + 0*s - s - 9 + 120*s**3. Let l be w(-7). What is x(l)?
-8
Let w(q) be the first derivative of -q**3/3 + 3*q**2/2 + 7*q + 148. Suppose 0*z = -5*z + 25. Determine w(z).
-3
Suppose 8*s = 7 + 17. Let z(r) = r**3 + 5*r**2 + 3. Let u be z(-5). Let l(m) = m**3 - u*m**3 - 3*m**2 + 3*m**3. What is l(s)?
0
Let d = 16 + -13. Let t(h) = 5*h**3 - 8*h**2 + 2*h - 8. Let n(z) = 6*z**3 - 9*z**2 + 2*z - 9. Let r = -18 + 22. Let s(j) = r*n(j) - 5*t(j). What is s(d)?
7
Suppose -4*i = z - 3 - 6, -4 = -2*z - i. Let d(s) be the second derivative of s**5/5 - s**4/6 + s**3/6 - 3*s. Give d(z).
3
Let d(p) = 2*p**2 - p - 2. Let l(k) = -2*k - 31. Let u(q) = 3*q + 32. Let x(a) = -6*l(a) - 5*u(a). Let o be x(8). Determine d(o).
4
Let l(s) = 0 + 2 - s - 2*s. Let c(d) be the first derivative of -d**2/2 - 7. Let p(x) = 2*c(x) - l(x). Calculate p(6).
4
Let w(k) = -47*k**2 + 2*k - 1. Let n be 2/10 + 19/(665/28). What is w(n)?
-46
Let o(n) = -n - 1. Let j(g) = g**2 - 5*g - 4. Suppose 52 = -16*u + 3*u. Let a(p) = u*o(p) + j(p). Let i = 4 - 1. Give a(i).
6
Let b(a) = -22*a - 2 - 5*a**2 + 9*a + 3 + 14*a + 1. Give b(2).
-16
Let a = 66 - 44. Let y = 39 - a. Suppose y = 2*k + k - f, 3*k - 5*f = 25. Let l(s) = -s**2 + 6*s - 4. Give l(k).
1
Let t be 1 + 0 + 3 + -2. Let i(v) = 5*v - 6 + 3*v**3 - 8*v - t*v**3 + 4*v**2 + 0*v**2. Let z = -10 - -6. Calculate i(z).
6
Let p(u) be the third derivative of -7*u**5/120 + 10*u**3/3 - 2*u**2. Let r(d) be the first derivative of p(d). What is r(1)?
-7
Let l be ((3/(-3))/2)/(2/(-12)). Suppose -l*c = 2*z + 6, z = c + 3*c + 19. Let b(p) = p - 2. What is b(z)?
1
Let h(j) = -216*j + 4*j**2 + j**3 - 9 + 207*j + 6*j**2. What is h(-11)?
-31
Let v(m) = 3*m**2 - 11*m - 6. Let c(u) be the third derivative of u**5/60 - u**4/24 - u**3/6 + 6*u**2. Let l(z) = -5*c(z) + v(z). What is l(-4)?
-9
Let k(j) = -j - 2. Let h be (-19)/3 - (6/(-9))/(-1). Determine k(h).
5
Let h = 156 - 231. Let b = h - -82. Let d(q) = -q + 5. Give d(b).
-2
Let f(v) = v**3 - 9*v**2 + 2. Let m be f(9). Let l be m/4*(5 + -5). Suppose l = -y - y. Let p(s) = -s - 8. What is p(y)?
-8
Let a(y) be the second derivative of -y**3/2 + 7*y**2/2 - 7*y. Determine a(6).
-11
Let h(l) = 2*l - 7. Suppose 4*k = -4, -k + 0*k - 9 = -2*g. Let q(n) = 4*n**2 - 14*n - 3. Let m be q(g). Give h(m).
3
Let p(z) = 3*z - 6. Let r be (19/(-7) + 1)*14/(-4). Suppose -r*d - 12 = -9*d. Give p(d).
6
Let j(c) = -12*c**2 - 109*c. Let p be j(-9). Let y(z) = -z**2 + 8*z - 10. What is y(p)?
-19
Let s be (-24)/276 + 226/(-46). Let t(c) = -4*c - 18. What is t(s)?
2
Let z(u) be the first derivative of -u**7/840 + u**6/360 + u**4/12 + u**3/3 + 3. Let o(g) be the third derivative of z(g). Calculate o(0).
2
Suppose -7*s + 47 = -198. Suppose s - 29 = -3*f. Let j(u) = -u + 2. Determine j(f).
4
Let b(j) = -j - 6. Let n(m) = 2*m**2 - 3*m - 2. Suppose -6 = -2*l + 2. Let i be n(l). Let t be i/(-4) - (-6)/(-12). Calculate b(t).
-1
Let a be (2/(-15)*-3 + 2)*5. Let r(s) = -s + 7. Calculate r(a).
-5
Let j(y) = y**3 + 7*y**2 + 7*y - 2. Suppose -44 = -2*x + 2*c, 3*x - 66 = 5*c + 4. Suppose -f = -5*f - x. Determine j(f).
13
Let t(z) = -z**3 + 5*z**2 + 3*z + 3. Let o(p) = -p + 10. Let q be o(-8). Suppose 0 = -4*f - r + q, -10 = 4*r - 2. Determine t(f).
18
Suppose 2 = 2*d + i, -5*i = -5*d - 6*i + 2. Let j(v) = 22 - 68*v**3 - 68*v**3 + 4*v**2 - v + 135*v**3 - 3*v**2. Calculate j(d).
22
Let k(v) = v. Let w(n) = 9*n**3 + 54*n. Let m = -36 - -37. Let u(z) = m*w(z) - 54*k(z). Suppose 2*x + 4*d - 6 = 0, d = -3*x - 0*x + 4. Calculate u(x).
9
Let j(s) = -4*s - 3*s + 3 - 12*s + 24*s + s**2 + 8*s. Calculate j(-9).
-33
Let f(w) be the third derivative of 1/120*w**6 - 1/2*w**3 + 1/8*w**4 + 1/10*w**5 + 0*w - 8*w**2 + 0. What is f(-5)?
7
Let d(f) be the third derivative of f**5/60 + f**4/3 + f**3 - 7*f**2. Let o be (2/(-6))/(14/36)*7. Determine d(o).
-6
Let p = -909 + 910. Let r(o) = 33*o**3 + o**2 + 2*o - 1. Determine r(p).
35
Let r(s) be the first derivative of -4*s**2 + 3*s - 3. Suppose -2*w = -l - 4, 7*l - 2*l = 3*w + 1. What is r(l)?
-13
Suppose 4*a - 5*h - 4 = -16, -4*a = -2*h + 12. Let m(n) = -n + 2. Let j(l) = l + 1. Let r(g) = -2*j(g) - m(g). Give r(a).
-1
Suppose 20 = -4*c, -2*c + 3*c + 25 = -4*b. Let d(v) be the third derivative of -8*v**2 + 0*v + 2/3*v**3 + 0 + 1/60*v**5 + 5/24*v**4. Give d(b).
4
Let y(j) = j**3 + 7*j**2 - 9*j + 10. Let n be 0/(-1) - 11/(77/56). What is y(n)?
18
Let l(n) be the third derivative of n**5/60 + 5*n**4/24 + n**3/6 + 260*n**2. Suppose -4*t + 6 + 6 = 0, 5*d + 27 = 4*t. Give l(d).
-5
Let x(z) = -z**3 + 39*z**2 - 198*z + 5. Let q be x(6). Let u(l) be the second derivative of -l**4/12 + 7*l**3/6 - 2*l**2 - l. Determine u(q).
6
Let u(q) = 29*q - 5. Let i be u(0). Let n(x) = -x**3 - 4*x**2 + 7*x + 3. What is n(i)?
-7
Let a(t) = t**3 + 2*t**2 - 3*t - 1. Let p = 32 - 30. Suppose 29 = -9*k + p. Give a(k).
-1
Let g(n) = n**3 - 7*n**2 + 4*n + 11. Let u be g(6). Let p(w) = 10*w - w**2 + 9 - 10*w. Let y(k) = k**2 - 4. Let v(q) = 3*p(q) + 7*y(q). Determine v(u).
3
Let j(g) = -10*g**2. Let i(b) = b**2 + 16*b - 1. Let a(f) = -f**3 + 2*f - 16. Let w be a(0). Let l be i(w). What is j(l)?
-10
Let l(k) = 7*k**3 - 16*k**2 + k - 5. Let j(x) = -12*x**3 + 31*x**2 - 2*x + 8. Let d(v) = -3*j(v) - 5*l(v). What is d(13)?
14
Let h(n) be the first derivative of n**2/2 + 4*n + 8. Let r(f) = -f**3 + 3*f**2 + f + 2. Let z be r(3). Determine h(z).
9
Let i(a) = 14*a + 0 + 1 - 2. Let w = -1027 + 1026. Calculate i(w).
-15
Suppose 0*f + 7 = -3*n - 2*f, -3*n - 4*f - 17 = 0. Let s(p) = -5*p**2 + 2*p**2 + 2*p**2 - 7*p**2. What is s(n)?
-8
Let g(z) = -z**2 - 55 + 122*z + 22 - 108*z. Determine g(11).
0
Suppose 4*i - 8 = -0*i. Let w be (2 + -4)/(i/(-16)). Let f = -19 + w. Let m(a) = -a**3 - 3*a**2 + 4. What is m(f)?
4
Let r be (0/(-2))/((-2)/(-1)). Let u(v) = 11*v**2 + 4*v + 4 + r - 10*v**2. Let m be 3/(-12) - 55/20. Determine u(m).
1
Let t(z) = 5*z**2 + 21*z - 13. Let w(j) = 9*j**2 + 40*j - 24. Let m(d) = 11*t(d) - 6*w(d). Let a(p) = p**3 - 7*p**2 + 6. Let f be a(7). Determine m(f).
-17
Let v(t) be the first derivative of 3*t**4/4 + t + 675. Let a(j) = j - 5. Let w be a(4). What is v(w)?
-2
Let o(j) = -106*j - 8. Let f(i) = 49*i + 4. Let p(s) = 13*f(s) + 6*o(s). Suppose 4*w - 12 = w, -5*w + 36 = -2*t. What is p(t)?
-4
Let d be 3*2/3 - 2. Suppose -s + 2*s - 1 = d. Let n be (s - 3)*(-4)/(-8). Let o(u) = -6*u**2 + 2*u + 1. Determine o(n).
-7
Let f(z) = -4*z + 34. Let o(a) = -11. Let r(s) = -f(s) - 3*o(s). Let m be (-11)/3 - (-2)/3. Determine r(m).
-13
Let w(i) be the third derivative of -i**8/6720 - i**7/315 - i**6/90 + i**5/20 + 3*i**4/4 + 5*i**2. Let q(z) be the second derivative of w(z). Calculate q(-7).
13
Let g(a) = 2*a**2 + 10*a + 13. Let n be g(-7). Let c(s) = -34 + s + n - 2*s. Give c(6).
1
Let a(d) = -d**3 - 5*d**2 - 2*d + 4. Let z be a(-4). Let x(p) = -p**3 + 16*p**2 + 18*p - 12. Let w be x(17). Let b(r) = -2*r - 1 - w + 5. Calculate b(z).
7
Let j(z) = z**2 - 5*z - 2*z**2 + 0*z + 3. Let t be 0 + 30/(-4) + (-10)/(-20). Calculate j(t).
-11
Let y = -4 - -6. Let c(d) = -y*d + 0*d + 6 + d. Let l(k) = k**3 + 4*k**2 + 4*k + 5. Let a be l(-2). What is c(a)?
1
Let z = -13 - -19. Let j(v) be the second derivative of v**5/20 - v**4/2 - v**3/2 + 3*v**2/2 - 245*v. Determine j(z).
-15
Let q = -6 + 4. Let j(n) be the first derivative of n**5/24 + n**4/8 + 2*n**3/3 + 10. Let z(o) be the third derivative of j(o). Give z(q).
-7
Let w(f) = 2*f + 7. Let s = 110 + -107. Suppose s*g + 14 + 7 = 0. What is w(g)?
-7
Suppose 5*d + 44 = -4*o, -3*o +